e the prime factors of 36963?
3, 37
List the prime factors of 13111.
7, 1873
List the prime factors of 1922.
2, 31
List the prime factors of 103.
103
List the prime factors of 2683.
2683
List the prime factors of 113.
113
List the prime factors of 8972.
2, 2243
What are the prime factors of 13242?
2, 3, 2207
What are the prime factors of 64?
2
List the prime factors of 6270.
2, 3, 5, 11, 19
List the prime factors of 23084.
2, 29, 199
List the prime factors of 1067.
11, 97
What are the prime factors of 30476?
2, 19, 401
List the prime factors of 4617.
3, 19
What are the prime factors of 176?
2, 11
List the prime factors of 5348.
2, 7, 191
What are the prime factors of 1859?
11, 13
What are the prime factors of 26740?
2, 5, 7, 191
What are the prime factors of 22954?
2, 23, 499
What are the prime factors of 101048?
2, 17, 743
List the prime factors of 27080.
2, 5, 677
List the prime factors of 13028.
2, 3257
List the prime factors of 14439.
3, 4813
What are the prime factors of 136453?
136453
What are the prime factors of 2122?
2, 1061
List the prime factors of 5761.
7, 823
What are the prime factors of 748?
2, 11, 17
List the prime factors of 88974.
2, 3, 4943
List the prime factors of 5994.
2, 3, 37
What are the prime factors of 38787?
3, 7, 1847
What are the prime factors of 122396?
2, 37, 827
List the prime factors of 20575.
5, 823
What are the prime factors of 807?
3, 269
What are the prime factors of 1186?
2, 593
List the prime factors of 109519.
109519
List the prime factors of 49903.
7, 7129
What are the prime factors of 38716?
2, 9679
List the prime factors of 4299.
3, 1433
List the prime factors of 7851.
3, 2617
List the prime factors of 6798.
2, 3, 11, 103
What are the prime factors of 43013?
43013
What are the prime factors of 47587?
23, 2069
What are the prime factors of 1447?
1447
What are the prime factors of 466?
2, 233
What are the prime factors of 27788?
2, 6947
List the prime factors of 9793.
7, 1399
List the prime factors of 997.
997
What are the prime factors of 7821?
3, 11, 79
What are the prime factors of 61096?
2, 7, 1091
What are the prime factors of 542?
2, 271
List the prime factors of 38251.
29, 1319
List the prime factors of 680.
2, 5, 17
What are the prime factors of 6974?
2, 11, 317
List the prime factors of 2554.
2, 1277
What are the prime factors of 5668?
2, 13, 109
List the prime factors of 18109.
7, 13, 199
List the prime factors of 11410.
2, 5, 7, 163
List the prime factors of 26884.
2, 11, 13, 47
List the prime factors of 4260.
2, 3, 5, 71
What are the prime factors of 16212?
2, 3, 7, 193
What are the prime factors of 5290?
2, 5, 23
List the prime factors of 1805.
5, 19
What are the prime factors of 601?
601
What are the prime factors of 1427?
1427
List the prime factors of 1536.
2, 3
What are the prime factors of 57?
3, 19
List the prime factors of 178.
2, 89
List the prime factors of 3544.
2, 443
What are the prime factors of 6870?
2, 3, 5, 229
List the prime factors of 1080.
2, 3, 5
What are the prime factors of 12505?
5, 41, 61
List the prime factors of 1231.
1231
What are the prime factors of 49612?
2, 79, 157
List the prime factors of 29282.
2, 11
List the prime factors of 70358.
2, 127, 277
List the prime factors of 19062.
2, 3, 353
List the prime factors of 325.
5, 13
What are the prime factors of 3934?
2, 7, 281
List the prime factors of 1590.
2, 3, 5, 53
What are the prime factors of 4740?
2, 3, 5, 79
List the prime factors of 15173.
15173
List the prime factors of 149147.
29, 37, 139
What are the prime factors of 3018?
2, 3, 503
What are the prime factors of 158?
2, 79
List the prime factors of 2209.
47
What are the prime factors of 495?
3, 5, 11
What are the prime factors of 27256?
2, 3407
What are the prime factors of 1911?
3, 7, 13
List the prime factors of 1085.
5, 7, 31
What are the prime factors of 1153?
1153
List the prime factors of 1834.
2, 7, 131
What are the prime factors of 11821?
11821
List the prime factors of 478.
2, 239
List the prime factors of 2999.
2999
List the prime factors of 4943.
4943
What are the prime factors of 13318?
2, 6659
List the prime factors of 8788.
2, 13
List the prime factors of 8297.
8297
List the prime factors of 1115.
5, 223
What are the prime factors of 112?
2, 7
List the prime factors of 971.
971
What are the prime factors of 4091?
4091
List the prime factors of 2723.
7, 389
List the prime factors of 966.
2, 3, 7, 23
What are the prime factors of 7601?
11, 691
List the prime factors of 4096.
2
What are the prime factors of 6430?
2, 5, 643
List the prime factors of 8900.
2, 5, 89
List the prime factors of 146137.
317, 461
What are the prime factors of 20777?
79, 263
What are the prime factors of 25976?
2, 17, 191
List the prime factors of 4129.
4129
What are the prime factors of 40?
2, 5
What are the prime factors of 76846?
2, 7, 11, 499
List the prime factors of 147.
3, 7
List the prime factors of 2778.
2, 3, 463
List the prime factors of 661.
661
List the prime factors of 23687.
23687
List the prime factors of 968.
2, 11
What are the prime factors of 737?
11, 67
List the prime factors of 184.
2, 23
What are the prime factors of 10907?
13, 839
List the prime factors of 2961.
3, 7, 47
List the prime factors of 2975.
5, 7, 17
What are the prime factors of 53687?
37, 1451
List the prime factors of 412.
2, 103
What are the prime factors of 2285?
5, 457
List the prime factors of 535.
5, 107
What are the prime factors of 18275?
5, 17, 43
List the prime factors of 104496.
2, 3, 7, 311
List the prime factors of 1447.
1447
What are the prime factors of 8855?
5, 7, 11, 23
What are the prime factors of 906?
2, 3, 151
List the prime factors of 202341.
3, 67447
What are the prime factors of 235?
5, 47
List the prime factors of 1859.
11, 13
List the prime factors of 3422.
2, 29, 59
List the prime factors of 2455.
5, 491
What are the prime factors of 142?
2, 71
What are the prime factors of 26960?
2, 5, 337
What are the prime factors of 1223?
1223
What are the prime factors of 4771?
13, 367
What are the prime factors of 31034?
2, 59, 263
What are the prime factors of 414?
2, 3, 23
What are the prime factors of 928?
2, 29
What are the prime factors of 164245?
5, 107, 307
List the prime factors of 26660.
2, 5, 31, 43
What are the prime factors of 299?
13, 23
What are the prime factors of 1187?
1187
What are the prime factors of 24768?
2, 3, 43
List the prime factors of 25468.
2, 6367
List the prime factors of 2567.
17, 151
List the prime factors of 40706.
2, 20353
List the prime factors of 485.
5, 97
List the prime factors of 91660.
2, 5, 4583
What are the prime factors of 813?
3, 271
List the prime factors of 6176.
2, 193
What are the prime factors of 42891?
3, 17, 29
What are the prime factors of 3889?
3889
What are the prime factors of 47853?
3, 13, 409
What are the prime factors of 765?
3, 5, 17
What are the prime factors of 7367?
53, 139
What are the prime factors of 39229?
39229
What are the prime factors of 272?
2, 17
List the prime factors of 22584.
2, 3, 941
What are the prime factors of 2061?
3, 229
What are the prime factors of 1498?
2, 7, 107
List the prime factors of 7849.
47, 167
What are the prime factors of 19102?
2, 9551
List the prime factors of 698.
2, 349
What are the prime factors of 981?
3, 109
What are the prime factors of 5044?
2, 13, 97
List the prime factors of 2600.
2, 5, 13
What are the prime factors of 820?
2, 5, 41
List the prime factors of 15958.
2, 79, 101
List the prime factors of 7321.
7321
List the prime factors of 1038.
2, 3, 173
What are the prime factors of 813?
3, 271
List the prime factors of 1534.
2, 13, 59
What are the prime factors of 71438?
2, 23, 1553
List the prime factors of 9779.
7, 11, 127
What are the prime factors of 81477?
3, 11, 823
What are the prime factors of 63696?
2, 3, 1327
What are the prime factors of 52721?
52721
What are the prime factors of 2813?
29, 97
What are the prime factors of 5789?
7, 827
List the prime factors of 1908.
2, 3, 53
What are the prime factors of 9131?
23, 397
List the prime factors of 5221.
23, 227
What are the prime factors of 79?
79
What are the prime factors of 89617?
11, 8147
List the prime factors of 10.
2, 5
List the prime factors of 7331.
7331
List the prime factors of 1659.
3, 7